s divided by 18.
15
What is the remainder when 10429718 is divided by 2357?
2350
What is the remainder when 24145 is divided by 12066?
13
Calculate the remainder when 6635465 is divided by 603223.
12
What is the remainder when 35508 is divided by 35483?
25
What is the remainder when 237367 is divided by 23725?
117
What is the remainder when 111526292 is divided by 8578945?
7
Calculate the remainder when 382405 is divided by 47654.
1173
What is the remainder when 5490291 is divided by 170?
141
Calculate the remainder when 2835955 is divided by 105029.
172
What is the remainder when 502337 is divided by 167213?
698
Calculate the remainder when 17203922 is divided by 25.
22
Calculate the remainder when 9815414 is divided by 10067.
89
Calculate the remainder when 162059 is divided by 40329.
743
What is the remainder when 8062213 is divided by 22333?
0
What is the remainder when 3297776 is divided by 18?
14
Calculate the remainder when 58890480 is divided by 27.
24
What is the remainder when 8347322 is divided by 4471?
4436
What is the remainder when 21166227 is divided by 142?
133
Calculate the remainder when 7743361 is divided by 30.
1
What is the remainder when 17537049 is divided by 123?
78
What is the remainder when 13354103 is divided by 6?
5
Calculate the remainder when 303734141 is divided by 56.
53
Calculate the remainder when 252353 is divided by 462.
101
What is the remainder when 4041083 is divided by 303?
275
Calculate the remainder when 153621697 is divided by 20.
17
Calculate the remainder when 222919 is divided by 10615.
4
Calculate the remainder when 102227535 is divided by 14.
11
Calculate the remainder when 187055 is divided by 186985.
70
Calculate the remainder when 107622097 is divided by 3350.
3347
Calculate the remainder when 4878221 is divided by 2438826.
569
Calculate the remainder when 265139 is divided by 26510.
39
What is the remainder when 155755 is divided by 17301?
46
Calculate the remainder when 28860763 is divided by 3670.
3553
Calculate the remainder when 259025 is divided by 51.
47
Calculate the remainder when 13217 is divided by 519.
242
What is the remainder when 46871014 is divided by 316?
314
Calculate the remainder when 26953844 is divided by 295.
284
What is the remainder when 21401093 is divided by 6?
5
What is the remainder when 14868436 is divided by 20795?
11
What is the remainder when 32475 is divided by 31078?
1397
Calculate the remainder when 61119970 is divided by 730.
720
What is the remainder when 1989702 is divided by 104721?
3
What is the remainder when 6186008 is divided by 363880?
48
What is the remainder when 1828280 is divided by 3769?
315
What is the remainder when 217343 is divided by 849?
848
Calculate the remainder when 8456661 is divided by 436.
5
What is the remainder when 8841569 is divided by 597?
596
What is the remainder when 1719037 is divided by 1264?
1261
What is the remainder when 6299755 is divided by 596?
35
What is the remainder when 52418676 is divided by 563?
561
Calculate the remainder when 124234228 is divided by 17.
13
Calculate the remainder when 2247734 is divided by 781.
16
Calculate the remainder when 1130668 is divided by 131.
7
Calculate the remainder when 272514 is divided by 15138.
30
What is the remainder when 297319 is divided by 1760?
1639
What is the remainder when 168094 is divided by 27796?
1318
What is the remainder when 10807965 is divided by 965?
930
Calculate the remainder when 888338 is divided by 888338.
0
Calculate the remainder when 463364 is divided by 77225.
14
Calculate the remainder when 144571639 is divided by 6187.
10
What is the remainder when 399129 is divided by 224?
185
What is the remainder when 7821572 is divided by 59?
1
Calculate the remainder when 1199217 is divided by 1328.
33
Calculate the remainder when 1227322 is divided by 136353.
145
What is the remainder when 6514265 is divided by 176?
153
Calculate the remainder when 40116 is divided by 780.
336
Calculate the remainder when 42409 is divided by 2118.
49
Calculate the remainder when 6606898 is divided by 209.
199
What is the remainder when 135556810 is divided by 12400?
10
What is the remainder when 246161 is divided by 3586?
2313
Calculate the remainder when 70841792 is divided by 35420889.
14
What is the remainder when 76843 is divided by 5425?
893
What is the remainder when 1734491 is divided by 4293?
119
What is the remainder when 162289 is divided by 14466?
3163
What is the remainder when 165023 is divided by 82490?
43
What is the remainder when 86692181 is divided by 28897387?
20
Calculate the remainder when 1336196259 is divided by 340.
339
What is the remainder when 2386237 is divided by 165?
7
What is the remainder when 217672 is divided by 27202?
56
Calculate the remainder when 26358 is divided by 446.
44
Calculate the remainder when 116311805 is divided by 342.
341
What is the remainder when 5014246 is divided by 844?
42
What is the remainder when 1070325 is divided by 26755?
125
What is the remainder when 24125791 is divided by 82?
79
What is the remainder when 18450759 is divided by 3809?
3772
What is the remainder when 96290 is divided by 6867?
152
What is the remainder when 355695910 is divided by 13?
11
What is the remainder when 2751632 is divided by 854?
44
What is the remainder when 498604555 is divided by 40?
35
What is the remainder when 116531 is divided by 114934?
1597
What is the remainder when 889631 is divided by 98757?
818
Calculate the remainder when 199893 is divided by 8691.
0
Calculate the remainder when 2083303 is divided by 6274.
335
Calculate the remainder when 673778 is divided by 41.
25
Calculate the remainder when 1611051 is divided by 56.
43
What is the remainder when 489126 is divided by 1564?
1158
Calculate the remainder when 7588175 is divided by 32428.
23
What is the remainder when 403646 is divided by 484?
474
Calculate the remainder when 2859516 is divided by 677.
545
What is the remainder when 10746 is divided by 8883?
1863
What is the remainder when 190389 is divided by 47145?
1809
Calculate the remainder when 25367453 is divided by 5132.
5109
Calculate the remainder when 8890258 is divided by 10.
8
Calculate the remainder when 1035305 is divided by 9767.
3
What is the remainder when 4088996 is divided by 11956?
44
What is the remainder when 8498874 is divided by 4249424?
26
What is the remainder when 6241814 is divided by 34?
26
Calculate the remainder when 949992 is divided by 63310.
342
Calculate the remainder when 160920 is divided by 665.
655
What is the remainder when 16782477 is divided by 222?
165
Calculate the remainder when 752591 is divided by 523.
517
Calculate the remainder when 409774 is divided by 5001.
4693
Calculate the remainder when 49650 is divided by 13013.
10611
Calculate the remainder when 893330 is divided by 893309.
21
What is the remainder when 28724 is divided by 2259?
1616
What is the remainder when 471327252 is divided by 63?
60
Calculate the remainder when 28950 is divided by 1809.
6
What is the remainder when 422304 is divided by 105556?
80
What is the remainder when 68774 is divided by 22878?
140
What is the remainder when 2638741 is divided by 3634?
457
Calculate the remainder when 205265 is divided by 29291.
228
Calculate the remainder when 3320458 is divided by 540.
538
What is the remainder when 591876 is divided by 269?
76
Calculate the remainder when 15501561 is divided by 304.
297
Calculate the remainder when 34180048 is divided by 348776.
0
Calculate the remainder when 1336367 is divided by 744.
143
What is the remainder when 1104564 is divided by 157791?
27
What is the remainder when 78472497 is divided by 406?
5
What is the remainder when 123834 is divided by 20618?
126
Calculate the remainder when 699294403 is divided by 174823600.
3
What is the remainder when 10548216 is divided by 5274101?
14
Calculate the remainder when 16090512 is divided by 375.
12
Calculate the remainder when 980517 is divided by 980385.
132
What is the remainder when 73251 is divided by 10304?
1123
Calculate the remainder when 211441 is divided by 506.
439
What is the remainder when 188069 is divided by 6965?
14
What is the remainder when 630438 is divided by 78?
42
Calculate the remainder when 1108219 is divided